first derivative of b**2 - 5*b - 5. Give x(r).
3
Let t(v) = 90*v + 21. Let u(r) = 38*r + 10. Let d(j) = 3*t(j) - 7*u(j). What is d(-3)?
-19
Let y(v) = -v**2 + 149607*v - 299220*v + 149608*v - 3. What is y(-2)?
3
Let h = 43 + -23. Let w(x) = -28*x - 1426. Let d be w(-51). Suppose -2 + h = d*v. Let f(p) = -2*p + 11. Determine f(v).
-7
Suppose 0 = -2*o + 4, -5*g - 62*o = -57*o + 15. Let u(j) = -3*j**2 - 4*j + 6. What is u(g)?
-49
Let s(f) = 2*f**2 + 2*f - 7. Let v(p) = 10*p - 16 - 43 + 6*p - 12*p. Let r be v(14). Determine s(r).
5
Let d(s) = s**3 + 28*s**2 + 53*s + 23. Let a(q) = q**3 + 70*q**2 - q - 96. Let h be a(-70). Determine d(h).
-3
Let b = -966 + 973. Let m(p) be the second derivative of -p**5/20 + p**4/2 + p**3 + 3*p**2 + 17*p. What is m(b)?
-1
Let w(r) be the third derivative of r**6/120 - r**5/10 + r**4/6 + r**3/6 - 21*r**2. Let t(j) = -j**3 - 10*j**2 - 26*j - 8. Let v be t(-6). What is w(v)?
-15
Let v(h) = 29*h**2 - 12*h + 10. Let r(t) = -3*t**2 + 3*t - 1. Let j(x) = -18*r(x) - 2*v(x). Determine j(-7).
12
Let h(d) = 4*d**3 - 12*d**2 - 157*d - 11*d**2 + 95*d - 5*d**3 - 4 + 86*d. Determine h(-24).
-4
Let o = 6 - 3. Suppose 0 = 2*d - 6, 2*d = 8*t - 3*t - 14. Suppose 4*b = -2*c + t, 36 = -c - o*c + 3*b. Let w(r) = -2*r**2 - 7*r + 6. Calculate w(c).
-24
Let t be (-5)/(-2)*(-2 - 0). Let m(x) = 5*x**3 - 18*x + 2. Let j(f) = -14*f**3 - f**2 + 51*f - 5. Let v = -40 - -51. Let q(l) = v*m(l) + 4*j(l). Give q(t).
-3
Let z(t) = -9*t + 32. Let f be (72/(-8) + 93/9)*(-6)/(-2). What is z(f)?
-4
Let h(k) = -k**3 + 7*k**2 - 8*k - 1. Let j(l) = 4*l**3 - 27*l**2 + 33*l + 7. Let m(r) = 9*h(r) + 2*j(r). What is m(8)?
21
Let b(o) = -2*o + o + 2*o - 1759 + 1746. What is b(7)?
-6
Let t(h) be the second derivative of 0*h**2 + 0*h**5 + 0*h**3 - 1/120*h**6 + 1/4*h**4 + 0 - 5*h. Let i(p) be the third derivative of t(p). What is i(1)?
-6
Let u = 122 - 122. Suppose t + s + 17 = 9, u = 5*t - 3*s. Let x(v) = -v**2 - 2*v + 2. Calculate x(t).
-1
Let z(u) = u**2 - 2*u. Let g(l) = 17*l**2 - 73*l + 14. Let p(f) = -6*f**2 + 24*f - 5. Let q(r) = 2*g(r) + 7*p(r). Let o(s) = -q(s) - 6*z(s). Calculate o(6).
19
Let m(b) be the first derivative of 25 - 3/2*b**2 + b. What is m(-2)?
7
Let m(g) = 11*g**2 + 2*g + 1. Let a(q) = -11*q**2 - q + 11. Let y(z) = 11*z**2 + z - 9. Let r(k) = -5*a(k) - 6*y(k). Let d(l) = 3*m(l) + 4*r(l). Give d(1).
-10
Let s(b) = 42*b + 127. Let j(q) = 11*q + 33. Let z(d) = 22*j(d) - 6*s(d). Determine z(-3).
-6
Let l = -170 + 361. Let g(k) = -385*k - 6 + 195*k + l*k. Determine g(7).
1
Let b(q) be the second derivative of q**3/6 + 2*q**2 - q. Suppose 1412*s + 3188 = 1659 - 2707. What is b(s)?
1
Let b(z) = 3*z**3 - z**2 + 3*z. Let p(i) = -i**3 - i**2 - i - 1. Let y(j) = -b(j) - 2*p(j). Let s = -302 - -301. Let g be s - (3 - 7/1). Give y(g).
-1
Let n(u) = 67 + 298*u - 308*u + 130 - 103. Calculate n(10).
-6
Let t = 102 + -38. Let w(x) = 2 - t*x**3 + 33*x**3 + 32*x**3 - 7*x**2 + x. Suppose 6*v - 35 = v. Determine w(v).
9
Let d = -3198 + 3205. Let y(f) = 3*f**2 - 20*f - 3. Give y(d).
4
Suppose 0 = d + 4 - 10. Let s(y) = -3*y + d*y + 767 - 781. Calculate s(5).
1
Suppose l + 7*m + 18 = 4*m, 3*l + 2*m = -5. Let g(a) = -2*a**2 + 3*a + 15. Calculate g(l).
6
Let c(i) be the first derivative of 3*i**2 + 3. Suppose 8*n = 3*n + 15. Suppose -3*y = -4*b - 3, 4*y + n*b - 6 = -2. Give c(y).
6
Let d(l) = 7*l**2 - l + 6. Let o = 399 + -402. Let i(j) = 9*j**2 - 4*j + 6. Let g(s) = o*i(s) + 4*d(s). What is g(-6)?
-6
Let f(d) = d**3 + d**2 - d + 57. Let v be f(0). Let b = -57 + v. Let o be (-8 + 2)/1 + b. Let r(c) = -c + 2. Calculate r(o).
8
Let x = -263 - -259. Let v(q) = -16*q - 33. Let w(r) = -5*r - 11. Let u(f) = -2*v(f) + 7*w(f). Determine u(x).
1
Let b(a) = a**2 - 6*a + 2. Suppose -5*i - 2*p = -19, 2*i - 4*p = -2*i + 4. Suppose i*q - 9 = 6. Calculate b(q).
-3
Suppose -v + 258 = -2*g, 5*v - v - 3*g = 1017. Let b be v/45 - (-2)/5. Suppose -b*k + 15 = -k. Let r(c) = c**2 - 1. Determine r(k).
8
Let h(k) = -93 - k + 91 + 4*k. Let z(a) = 34*a - 23. Let j(q) = 66*h(q) - 6*z(q). Determine j(4).
-18
Let m = 33 + -30. Let o(y) = 2*y + 694*y**3 + 10 - 693*y**3 - 3*y**2 - 7. Calculate o(m).
9
Let p(z) = -13236*z**2 - 38*z - 60 + 2*z + 13237*z**2 + 7*z. Determine p(31).
2
Let f(r) = -2*r - 13. Let t(g) be the second derivative of -g**3/2 - 25*g**2/2 + 56*g. Let x(b) = -5*f(b) + 3*t(b). Give x(13).
3
Let k(t) = 244*t - 2690. Let s be k(11). Let j(x) = x + 2. Let w(c) = -c - 3. Let d(m) = -4*j(m) - 5*w(m). Calculate d(s).
1
Let d(u) be the second derivative of u**4/6 + u**3/6 - 3*u**2/2 + 1827*u. What is d(-3)?
12
Let s(i) = -i - 18. Let c be s(-10). Let j(z) = -z - 21. Determine j(c).
-13
Suppose -776 = -144*q + 99 + 133. Let s(g) = 0*g + 7*g + 6 - 4 - g**2 + 0*g. Determine s(q).
2
Let o(y) = 1 + 24*y - 48*y - 10 + 25*y. Let r(q) = q**2 - 6*q - 4. Let c be r(5). Calculate o(c).
-18
Let y(g) = -8*g. Suppose -16*v + 8*v - 64 = 0. Let f be ((-15)/(-10))/(3/v). Give y(f).
32
Let x(p) = p**2 - 7*p + 14. Let o be x(11). Let l = 70 - o. Let z be 1 + 4/6*l/8. Let u(j) = 2*j**3 - 3*j**2 + j - 2. Calculate u(z).
4
Suppose -11*o = -1564 - 7313. Let l = -804 + o. Let z(f) = f**2 + 2. What is z(l)?
11
Let b(c) = -5*c**2 - 40*c. Let j be b(-8). Suppose -14 = -2*h - 5*u, h + j*h - 3*u = 18. Let n(w) = -w**3 + 13*w**2 - 13*w + 11. Determine n(h).
-1
Suppose -6*r + 31*r - 13*r = 0. Let v(m) = -6*m - 9 + 8*m - 13 + r. Determine v(11).
0
Let v(l) = l**2 + 2*l - 7. Suppose -39 = 4*s + h, 4*s + 0*s = -5*h - 51. Let d(g) = g**3 + 11*g**2 + 19*g + 5. Let x be d(s). Give v(x).
1
Let w(c) = 2*c**2 - 125 + 8*c**2 - 8*c**2 + 77318*c - 77355*c. What is w(-3)?
4
Let k = 2337 + -1088. Let v(m) = k*m**3 + m - 1250*m**3 + 6*m**2 + 3 - 11. What is v(6)?
-2
Let r = -14 - -29. Let v = -20 + r. Let l be (1/(-2))/(v/(-20)). Let j(a) = -a - 3. Give j(l).
-1
Let u = 148 - 142. Suppose 0 = u*f + 1 - 13. Let o(w) = w**2 - 3*w + 3. Determine o(f).
1
Let u(q) be the third derivative of q**4/24 - 25*q**3/6 - 2933*q**2. Give u(8).
-17
Let j(n) = 4*n - 3*n + 6 - 5 + 12 - 6. Give j(-5).
2
Suppose 4 = -2*q + q. Let y be (-1)/q + (-55)/(-4). Let f be y/(-2)*12/42. Let p(j) = 6*j**2 + 2*j + 1. What is p(f)?
21
Let r(m) = -50*m + 94*m - 48*m + m**2 + 3. Let x be (784/(-96) - -8)*(-12 + 0). What is r(x)?
-1
Suppose 330*a - 11095 = 337*a. Let q = a + 1586. Let t(g) = -4 + 3 + 0 - 22*g. Calculate t(q).
-23
Let y(a) = 2*a - 4*a**2 - a + 2*a**2. Suppose p - 15 = 5*v, 3*v - p = 7 - 20. Give y(v).
-3
Let z = 57 + -20. Let s = -40 + z. Let a be 3*-2 - (s + 0). Let x(o) = -o**2 - 4*o + 3. What is x(a)?
6
Let u(z) = 23*z**3 - 4*z**2 + 36*z - 38. Let d(n) = 15*n**3 - 3*n**2 + 23*n - 24. Let a(v) = 8*d(v) - 5*u(v). Determine a(2).
30
Let v(t) = t**2 - 25 + 6 - 567678*t + 567698*t. Calculate v(-17).
-70
Let u(m) be the third derivative of m**6/120 + m**5/15 + 7*m**4/24 + 7*m**3/6 + 6367*m**2. Determine u(-6).
-107
Let h = -63 + 77. Let d be 7/h*1*18. Suppose -d*b - 4 = -13*b. Let p(i) = -12*i**3 - 2*i**2 + 1. Calculate p(b).
-13
Let f(p) = -2*p**3 - 32*p**2 + 2*p + 37. Let n be (-4)/10 - 156/10. Let a be f(n). Let t(x) = x - 5. Determine t(a).
0
Let z(n) = -n**2 + 58*n - 835. Let q be z(29). Let d(v) = v**2 + 34*v - 248. Determine d(q).
-8
Let x = -230 - -235. Let z be (-5)/(-3 + -2)*(-6 + x). Let i(j) = -16*j**3 - j**2. What is i(z)?
15
Let r be 22/8 - 57/76. Let f(p) = -9*p + 7*p - p + 6 - r. Let k(j) = -3*j - 15. Let x be k(-6). Calculate f(x).
-5
Suppose -f = 3*j - 0*f - 453, -3*f = 0. Let y = -153 + j. Let q(h) = -2*h**3 - h**2 - 2*h. Give q(y).
16
Let n(i) = -i**2 - 9*i. Let m(h) = 3*h**2 + 2*h - 11. Let d be m(5). Suppose -70*v + d*v = -16. Give n(v).
20
Let j(x) = -x**3 - 14*x**2 - 10*x + 3. Let n be -18 + 3/(-7 + 114/15). Calculate j(n).
-36
Let t be 2/7*((3 - 10) + 0). Let a(k) = -2*k**3 + 3*k + 3. Determine a(t).
13
Let o(n) = 103*n + 2474. Let y be o(-24). Let f(j) = 31*j - 3. Let m(p) = -21*p + 2. Let l(v) = -5*f(v) - 7*m(v). What is l(y)?
-15
Let f(d) = -6*d + 72. Let i be f(12). Let z(h) = h - 33. Determine z(i).
-33
Let s(j) = -j**3 - j**2 - 39. Let u(a) = a**3 - 32*a**2 + 39*a - 248. Let m be u(31). What is s(m)?
-39
Let u(j) be the second derivative of 5*j**3/6 - 6*j**2 - 1743*j. Give u(6).
18
Let w(q) = -11*q**3 + q**2 + 10. Let